 of 23?
False
Let m(d) = -d + 3. Let x be m(0). Suppose -3*s - r = -30, -s - 8*r + 10 = -x*r. Suppose s - 28 = -f. Is 8 a factor of f?
False
Let z = 135 - 72. Is 9 a factor of z?
True
Let g = 37 + -89. Let m = -34 - g. Does 9 divide m?
True
Let r(w) = -w**2 + 9*w - 13. Let m be r(6). Suppose 2*d - m = 77. Is 11 a factor of d?
False
Suppose -2*l + 4*d = -282, 141 = -2*l + 3*l + 4*d. Does 20 divide l?
False
Let a(o) = 3*o**3 + 5*o**2 + 4*o - 1. Let r(l) = -8*l**3 - 14*l**2 - 11*l + 3. Suppose 4*d - 6*d = 8. Let h(k) = d*r(k) - 11*a(k). Is h(-2) a multiple of 7?
False
Let h be (-4)/(-6) + 8/6. Suppose -83 = -h*z - 31. Suppose -f + 62 - z = 0. Is f a multiple of 18?
True
Let i be -2 + 2 - -1 - 23. Let u = -7 + 38. Let o = i + u. Is o a multiple of 4?
False
Suppose -5 = -5*o, -j = -3*j - 2*o + 82. Is 20 a factor of j?
True
Suppose 0 = -2*r - r. Suppose 3*v + 44 = 5*b, -4*b + 38 = -r*v - v. Suppose b = 3*c - 113. Does 18 divide c?
False
Let x be -2 + (12 - -3) - 2. Suppose x + 1 = 4*a. Is a a multiple of 3?
True
Let y(u) = u**3 - u**2 - u - 1. Let k be y(2). Let j = 3 - k. Does 21 divide j - ((-55)/1 + 2)?
False
Suppose 2*r + 3*p = 274, 5*p - 229 - 317 = -4*r. Let f = -94 + 162. Let b = r - f. Is b a multiple of 24?
False
Let f = 153 + -80. Suppose 59 = 3*s - f. Suppose -5*c + s = -3*c. Is 16 a factor of c?
False
Suppose -4 = -4*a + 3*v, -a + 2*a + 5*v = 24. Suppose -2*h + 22 = a*n, -3 - 24 = -3*h - 3*n. Does 4 divide h?
False
Let a be -1*8*(0 + -2). Let w = 22 - a. Suppose -i + w = -14. Is i a multiple of 10?
True
Suppose -2*p + 4 = 2*p - 4*u, 3*p + 13 = -u. Is 8 a factor of p*((-57)/9 + 1)?
True
Let x be 18/5 - 15/25. Does 18 divide (9/x - 2)*87?
False
Let t(h) = -4*h - 4 - 3*h - h + 2*h. Is t(-4) a multiple of 10?
True
Let t(y) = y**3 - y**2 - 7*y - 2. Is t(7) a multiple of 13?
False
Suppose -12*f + 7*f - q + 678 = 0, q = 4*f - 537. Is 15 a factor of f?
True
Let t = 63 - 24. Does 13 divide t?
True
Let f be (-16)/(-5) - (-1)/(-5). Suppose -52 = j - 3*j - 4*v, f*v = j - 51. Suppose -k = 3*k - j. Is 4 a factor of k?
False
Let a(r) = -r**3 + 6*r**2 + 4*r + 5. Suppose -3*p - 13 = -5*g - 0*p, -5*p + 5 = -3*g. Is 21 a factor of a(g)?
False
Suppose 2*j - 150 = -3*j. Let c be 2/6*1*-3. Does 3 divide (j/(-35))/(c/7)?
True
Suppose 0 = 3*m - 4*b - 0*b - 52, 5*m - 3*b = 72. Suppose m = -j + 2*j. Is j a multiple of 11?
False
Suppose 4*o - 10 = 2*o + 5*k, 2*k = 2*o + 2. Let v be (-98)/(-10) - 1/o. Is (-3)/((-6)/v - 0) even?
False
Let m(b) = -6*b**2 + b + 2. Let q be m(-4). Let c = -65 - q. Is 11 a factor of c?
True
Let x = -66 - -136. Is x a multiple of 34?
False
Let q = -35 + 287. Is 21 a factor of q?
True
Suppose 33*z + 186 = 36*z. Does 3 divide z?
False
Suppose 74 = 3*r - 5*v, 3*v + 0*v = -5*r + 180. Is r a multiple of 9?
False
Let j(c) = -16*c + 3. Let n be j(-3). Let k = n + -27. Is k a multiple of 10?
False
Let m(w) = w + 13. Let p be m(-8). Is 90/8 + p/(-20) a multiple of 7?
False
Let b(s) = -s + 4. Let w be b(0). Suppose 4*r - 2*z - 186 = 0, z + 228 = w*r + r. Does 9 divide r?
True
Suppose 4*t = t - 5*i + 10, 18 = 3*t + 3*i. Suppose 0 = 3*w + 2*g - 65, 4*g = -g - t. Does 13 divide w?
False
Let v(p) = -p**2 + 7*p - 5. Let n be v(5). Suppose n*s + h = 125, 3*s - 64 = -2*h + 18. Does 18 divide s?
False
Let y = 17 + 17. Does 25 divide y?
False
Is ((-18)/(-4))/((-9)/(-12)) a multiple of 3?
True
Suppose -200 = 11*g - 15*g. Does 11 divide g?
False
Let u(y) = 5*y**3 - y**2 + y + 4. Let r(x) = 5*x**3 - x**2 + x + 5. Let t(j) = -4*r(j) + 5*u(j). Is t(1) a multiple of 5?
True
Let g(n) = n**3 + 4*n**2 - 2*n + 1. Let t be g(-5). Let i(l) = -l**2 + 3. Let u be i(-3). Is (t/u)/(8/72) a multiple of 13?
False
Let c(a) = -2*a**2 + 8*a - 10. Let v be c(7). Let t = -28 - v. Does 24 divide t?
True
Let g be 7 - (3 + (-1)/(-1)). Suppose 5*q - 140 = g*p, 2*p = q - 3*q + 40. Is 5 a factor of q?
True
Suppose -4*l - 15 = -7*l. Is l a multiple of 5?
True
Does 10 divide (-1)/(4/(-2))*40?
True
Let y(v) = -21*v + 1. Let z be y(1). Let h = z + 41. Is h a multiple of 6?
False
Is 3/4*4 - -29 a multiple of 8?
True
Let n(y) = -6*y**2 - 7*y - 5. Let i(u) = 7*u**2 + 7*u + 5. Let w(l) = -5*i(l) - 6*n(l). Suppose 4*g + 8 = 3*g. Is w(g) a multiple of 13?
True
Let v = 4 + -5. Let g be -1 - (-1 - 1*16). Let d = g - v. Is d a multiple of 9?
False
Suppose 4*d - 405 = d. Suppose 0 = -2*v - 197 + 25. Let w = v + d. Is w a multiple of 27?
False
Let x = 11 + -11. Is 13 a factor of -1 - (2 - x) - -32?
False
Let i = 0 - 1. Let k(a) = 17*a**3 + 2*a**2 + a. Let o be k(i). Let f = o - -30. Is f a multiple of 14?
True
Let v(m) = -m**2 + 13*m - 12. Let f be v(12). Suppose f = 4*o + o - 125. Does 11 divide o?
False
Suppose v + 8 + 5 = 0. Let l = 41 + v. Let o = -18 + l. Is 4 a factor of o?
False
Let r be 1 + 1/1 - -1. Let t be (5*(-1)/4)/((-2)/16). Is 2 a factor of ((-12)/(-10))/(r/t)?
True
Let u = -4 - -16. Is 12 a factor of u?
True
Suppose 53 - 12 = -3*w - 2*j, j + 26 = -2*w. Let f(i) = -i**3 - 12*i**2 - 14*i - 7. Does 13 divide f(w)?
True
Let x(y) = y + 10. Let s be x(-7). Suppose 0 = s*i - 0*i - 159. Does 16 divide i?
False
Let f(b) = b**3 + 13*b**2 - 14*b + 5. Let j be f(-14). Suppose 6*l - 5 = -5*i + l, -j = 5*i + 3*l. Is 10*i*(-2)/20 a multiple of 2?
True
Let r = 61 - -5. Is 20 a factor of r?
False
Suppose -k + 5*d + 3 = -5, -3*k + 24 = -d. Suppose 2*g - k = 4*a - 2*g, 0 = -3*g + 12. Suppose -153 = -m - a*m. Is 15 a factor of m?
False
Let f(x) be the first derivative of -x**3/3 + 3*x**2 - 3*x - 3. Let c be f(4). Suppose c*y - 17 - 58 = 0. Does 15 divide y?
True
Suppose 3*z + 3 = -3. Is (50/(-8))/(z/16) a multiple of 13?
False
Suppose 104 = 5*l - 46. Does 10 divide l?
True
Let i = 0 - -2. Suppose i*v + 44 - 116 = 0. Does 12 divide v?
True
Let k be 8/(-12) - 17/(-3). Suppose -4 = -3*c + k. Is 3 a factor of c?
True
Is (-14 + 15)*(86 - 0) a multiple of 22?
False
Suppose -2*n - 5*x = -5*n + 164, -x = -n + 54. Is n a multiple of 9?
False
Let r be (-1)/(-3)*(-3 - 0). Let w = 4 + r. Suppose -w*c + 52 = -26. Is 13 a factor of c?
True
Suppose 195 = 2*u + 3*c, -5*c + 109 = -3*u + 354. Is 18 a factor of 12/5*u/4?
True
Let o = 117 + -63. Is 11 a factor of o/(-1)*4/(-4)?
False
Does 16 divide (4/(-5))/((-5)/200)?
True
Let k(h) = -h**3 - h**2 - 2*h + 10. Suppose -5*v - 2 = j + 3, 2*j + 10 = -3*v. Is 10 a factor of k(v)?
True
Let t(h) be the third derivative of h**5/60 - 5*h**4/24 + h**3 + 6*h**2. Does 4 divide t(6)?
True
Suppose 14 - 2 = 3*g. Suppose 20 = g*k - p - 40, -5*k + 62 = 2*p. Suppose 2*a - k = t, -19 = -3*a + 5*t - 3*t. Is 9 a factor of a?
True
Let p(f) = -f**3 + 12*f**2 + 5. Let y be p(7). Let c = y - 168. Is c a multiple of 27?
False
Suppose 0 = 3*o - 11*o + 1800. Is 33 a factor of o?
False
Suppose -5*b = -o + 46, 3*b - 32 - 175 = -4*o. Does 17 divide o?
True
Suppose -420 = -15*t + 3*t. Does 7 divide t?
True
Let c(l) = l - l**3 + 10*l**3 - l**3. Let z be c(-1). Is 10 a factor of ((-24)/z + -3)*-117?
False
Suppose -12 = 4*s - 5*s. Let o be 0 + -1 + (3 - -2). Suppose 3*z - 62 = -z - 2*t, o*t - s = -z. Is z a multiple of 8?
True
Suppose 8 = 4*b, -2*u - 6*b = -2*b - 412. Suppose -5*h = 4*p - u, -2*h - h + 4*p + 134 = 0. Is 21 a factor of h?
True
Is (-1)/(((-2)/312)/((-12)/(-24))) a multiple of 26?
True
Suppose 2*z = -3*c - 187, -5*c - 226 = z + 95. Let u = 203 - 88. Let d = c + u. Does 19 divide d?
False
Let n(z) = z + 9. Does 13 divide n(20)?
False
Let k(c) = 0 + 3 - 21 + 2*c. Let n = -26 - -38. Is 5 a factor of k(n)?
False
Suppose -d - 33 - 81 = -4*c, 0 = c - 1. Let s = -155 - d. Is (-243)/s + (-2)/5 a multiple of 5?
True
Suppose -6 = 3*n, 28 = -f - 2*f - 2*n. Let i(y) = -3*y**2 + 14*y + 9. Let p(m) = 2*m**2 - 13*m - 8. Let o(v) = 3*i(v) + 4*p(v). Does 11 divide o(f)?
True
Let t(y) = 6*y**3 - 2*y - 1. Does 17 divide t(2)?
False
Let u(g) = g + 2. Let m be u(0). Suppose -o + m*c = -62, 0*o - c + 354 = 5*o. Let k = o + -50. Does 10 divide k?
True
Let r(k) = -k - 4 + 0*k + 1. Let f be r(-6). Suppose 174 = f*n - a - 25, 0 = 4*a + 4. Is n a multiple of 19?
False
Let w(x) = -x**3 - 2*x**2 + 2*x - 2. Let t be w(-3). Let m be -4 + 7 - (t - 6). Suppose -2*f + m = -0*f. Is f a multiple of 4?
True
Let h(f) = -3*f**2 - 2*f + 2. Let m(p) = p - 1. Let n(c) = -h(c) + 6*m(c). Let x(r) = -4*r**2 - 8*r + 7. Let v(q) = 3*n